divide 1449?
False
Is 11564 a multiple of 59?
True
Does 3 divide 4479?
True
Is 7201 a multiple of 19?
True
Does 61 divide 39528?
True
Does 33 divide 54142?
False
Is 790 a multiple of 11?
False
Does 46 divide 1856?
False
Is 42 a factor of 12363?
False
Is 14 a factor of 2818?
False
Does 70 divide 5268?
False
Is 9499 a multiple of 187?
False
Is 26 a factor of 42068?
True
Is 194 a multiple of 15?
False
Does 7 divide 4076?
False
Is 224 a factor of 40518?
False
Is 966 a multiple of 37?
False
Is 11 a factor of 4813?
False
Does 79 divide 8122?
False
Is 1428 a multiple of 14?
True
Does 36 divide 2887?
False
Does 38 divide 570?
True
Is 88 a factor of 2030?
False
Is 88 a factor of 2857?
False
Does 55 divide 352?
False
Does 112 divide 22176?
True
Is 428 a multiple of 16?
False
Is 10 a factor of 16120?
True
Is 33 a factor of 1980?
True
Does 13 divide 3243?
False
Is 3834 a multiple of 10?
False
Is 13 a factor of 1352?
True
Is 89 a multiple of 8?
False
Is 777 a multiple of 48?
False
Does 92 divide 2915?
False
Is 27 a factor of 2106?
True
Is 4248 a multiple of 21?
False
Does 133 divide 7411?
False
Is 66 even?
True
Is 186 a multiple of 3?
True
Does 9 divide 495?
True
Is 9 a factor of 7011?
True
Is 7 a factor of 1310?
False
Is 7 a factor of 763?
True
Does 6 divide 155?
False
Is 388 a multiple of 39?
False
Is 25730 a multiple of 31?
True
Does 2 divide 1292?
True
Is 23510 a multiple of 29?
False
Is 3569 a multiple of 18?
False
Is 8 a factor of 237?
False
Does 190 divide 2625?
False
Is 47 a factor of 799?
True
Is 87290 a multiple of 29?
True
Is 333 a multiple of 19?
False
Is 1033 a multiple of 16?
False
Does 14 divide 9128?
True
Is 49 a factor of 441?
True
Does 99 divide 7425?
True
Is 131 a factor of 15559?
False
Is 14 a factor of 1246?
True
Is 120 a multiple of 5?
True
Is 90 a multiple of 30?
True
Is 31 even?
False
Is 340 a multiple of 22?
False
Is 40182 a multiple of 74?
True
Is 382 a factor of 116892?
True
Is 29 a factor of 2515?
False
Does 103 divide 15656?
True
Is 7029 a multiple of 39?
False
Is 69 a factor of 1663?
False
Is 5 a factor of 109?
False
Is 5 a factor of 255?
True
Is 6 a factor of 1344?
True
Is 34 a factor of 8585?
False
Does 7 divide 606?
False
Is 414 a multiple of 9?
True
Is 17 a factor of 170?
True
Is 1001 a multiple of 91?
True
Does 15 divide 36735?
True
Does 48 divide 156048?
True
Is 43 a factor of 7224?
True
Does 4 divide 444?
True
Is 18 a factor of 153?
False
Does 15 divide 7395?
True
Is 1866 a multiple of 65?
False
Is 600 a multiple of 20?
True
Is 4011 a multiple of 19?
False
Is 9828 a multiple of 14?
True
Does 10 divide 630?
True
Is 134 a multiple of 43?
False
Is 4806 a multiple of 8?
False
Is 15 a factor of 28467?
False
Does 8 divide 1624?
True
Does 188 divide 123704?
True
Is 5628 a multiple of 28?
True
Is 11 a factor of 15217?
False
Does 32 divide 736?
True
Is 39 a factor of 114239?
False
Is 17 a factor of 4385?
False
Is 448 a multiple of 16?
True
Is 84 a factor of 17724?
True
Is 19 a factor of 44349?
False
Does 22 divide 6666?
True
Is 20468 a multiple of 28?
True
Is 20 a factor of 260?
True
Is 15 a factor of 824?
False
Does 39 divide 12110?
False
Is 11 a factor of 1287?
True
Is 6 a factor of 16096?
False
Is 156 a factor of 108968?
False
Is 3968 a multiple of 10?
False
Is 1983 a multiple of 16?
False
Is 21501 a multiple of 9?
True
Is 634 a multiple of 42?
False
Is 105 a factor of 1203?
False
Does 4 divide 2245?
False
Does 15 divide 33252?
False
Does 31 divide 1333?
True
Is 3768 a multiple of 12?
True
Is 43 a factor of 1047?
False
Is 14 a factor of 1568?
True
Is 7940 a multiple of 10?
True
Is 14 a factor of 957?
False
Is 14473 a multiple of 288?
False
Is 1246 a multiple of 2?
True
Does 8 divide 92?
False
Does 25 divide 1444?
False
Is 15 a factor of 1563?
False
Is 400 even?
True
Is 71 a factor of 5865?
False
Does 60 divide 8280?
True
Is 539 a multiple of 7?
True
Is 551 a multiple of 40?
False
Is 43072 a multiple of 64?
True
Is 4 a factor of 156?
True
Is 2805 a multiple of 46?
False
Is 1976 a multiple of 5?
False
Is 978 a multiple of 77?
False
Is 7071 a multiple of 47?
False
Is 43 a factor of 5008?
False
Is 26 a factor of 181?
False
Does 5 divide 100?
True
Is 19 a factor of 3435?
False
Is 2954 a multiple of 7?
True
Does 15 divide 2025?
True
Is 514 even?
True
Is 30 a factor of 3150?
True
Is 2814 a multiple of 33?
False
Is 22 a factor of 13167?
False
Is 21120 a multiple of 160?
True
Is 14790 a multiple of 87?
True
Does 3 divide 38?
False
Is 4147 a multiple of 13?
True
Is 19 a factor of 646?
True
Does 83 divide 1328?
True
Is 67 a factor of 4020?
True
Is 8 a factor of 3134?
False
Is 11 a factor of 706?
False
Does 32 divide 5707?
False
Is 643 a multiple of 29?
False
Does 21 divide 19060?
False
Does 100 divide 13385?
False
Is 9 a factor of 13082?
False
Is 768 a multiple of 24?
True
Is 17 a factor of 16371?
True
Does 125 divide 1000?
True
Is 546 a multiple of 5?
False
Is 10689 a multiple of 14?
False
Is 31 a factor of 3224?
True
Is 348 a multiple of 21?
False
Does 3 divide 13000?
False
Does 13 divide 32641?
False
Is 192 a multiple of 2?
True
Is 82908 a multiple of 18?
True
Is 27 a factor of 1026?
True
Is 72474 a multiple of 20?
False
Is 6 a factor of 3246?
True
Does 4 divide 164?
True
Is 193 a factor of 4892?
False
Is 7429 a multiple of 23?
True
Is 41 a factor of 1271?
True
Is 12 a factor of 9431?
False
Does 37 divide 41112?
False
Does 20 divide 21283?
False
Does 30 divide 1202?
False
Is 38817 a multiple of 171?
True
Does 356 divide 22798?
False
Is 7 a factor of 234?
False
Does 18 divide 65574?
True
Does 3 divide 7179?
True
Is 1071 a multiple of 51?
True
Is 4 a factor of 7080?
True
Is 981 a multiple of 14?
False
Does 319 divide 66196?
False
Is 19 a factor of 1556?
False
Is 4438 a multiple of 41?
False
Is 850 a multiple of 50?
True
Does 32 divide 2139?
False
Is 10718 a multiple of 35?
False
Does 53 divide 5989?
True
Does 62 divide 5988?
False
Is 14 a factor of 2324?
True
Is 3 a factor of 597?
True
Does 28 divide 1285?
False
Is 5 a factor of 28?
False
Does 18 divide 3312?
True
Does 88 divide 24053?
False
Is 1117 a multiple of 125?
False
Is 25 a factor of 2150?
True
Does 57 divide 114?
True
Is 32271 a multiple of 93?
True
Is 456 a multiple of 24?
True
Does 15 divide 6210?
True
Is 11 a factor of 6304?
False
Is 20301 a multiple of 101?
True
Is 91884 a multiple of 13?
True
Is 6919 a multiple of 33?
False
Is 1010 a multiple of 32?
False
Is 731 a multiple of 4?
False
Is 16960 a multiple of 64?
True
Is 12 a factor of 3828?
True
Does 55 divide 2200?
True
Is 1599 a multiple of 13?
True
Is 10629 a multiple of 49?
False
Does 65 divide 4680?
True
Is 168 a factor of 5166?
False
Is 21024 a multiple of 72?
True
Is 1462 a multiple of 88?
False
Is 1024 a multiple of 32?
True
Does 8 divide 7636?
False
Is 3990 a multiple of 31?
False
Does 42 divide 4030?
False
Is 67064 a multiple of 83?
True
Does 21 divide 30261?
True
Is 6014 a multiple of 3?
False
Does 11 divide 4674?
False
Does 10 divide 4182?
False
Is 70 a factor of 3140?
False
Does 39 divide 3865?
False
Is 432 a multiple of 36?
True
Is 6232 a multiple of 164?
True
Is 347 a multiple of 3?
False
Does 134 divide 7376?
False
Is 2587 a multiple of 22?
False
Does 55 divide 794?
False
Is 1248 a multiple of 52?
True
Does 21 divide 289?
False
Is 10380 a multiple of 30?
True
Does 4 divide 357?
False
Does 20 divide 1527?
False
Is 56 a factor of 336?
True
Is 1336 a multiple of 56?
False
Does 71 divide 19241?
True
Is 16 a factor of 2374?
False
Does 13 divide 717?
False
Does 14 divide 938?
True
Is 26 a factor of 5252?
True
Is 8864 a multiple of 8?
True
Is 2625 a multiple of 15?
True
Is 29 a factor of 14094?
True
Is 154 a multiple of 4?
False
Is 20 a factor of 4352?
False
Does 91 divide 1159?
False
Does 15 divide 70379?
False
Is 7 a factor of 5771?
False
Does 45 divide 3330?
True
Does 30 divide 28590?
True
Is 8 a factor of 24860?
False
Is 26287 a multiple of 55?
False
Is 658 a multiple of 47?
True
Does 108 divide 5508?
True
Is 3391 a multiple of 2?
False
Is 1680 a multiple of 80?
True
Is 18 even?
True
Is 32 a factor of 12139?
False
Does 49 divide 441?
True
Does 38 divide 4864?
True
Is 4 a factor of 668?
True
Is 3 a factor of 141?
True
Is 7080 a multiple of 30?
True
Is 170 a factor of 5127?
False
Is 15 a factor of 39810?
Tr